
3
What is the tens digit of 20314?
1
What is the units digit of 1891?
1
What is the units digit of 1?
1
What is the units digit of 29013?
3
What is the tens digit of 903?
0
What is the tens digit of 35016?
1
What is the hundreds digit of 7247?
2
What is the ten thousands digit of 21299?
2
What is the hundreds digit of 23250?
2
What is the thousands digit of 15369?
5
What is the hundreds digit of 48347?
3
What is the hundreds digit of 885?
8
What is the tens digit of 3059?
5
What is the thousands digit of 45040?
5
What is the units digit of 1901?
1
What is the hundreds digit of 2876?
8
What is the hundreds digit of 686?
6
What is the thousands digit of 2208?
2
What is the hundreds digit of 986?
9
What is the hundreds digit of 1589?
5
What is the hundreds digit of 145?
1
What is the units digit of 7720?
0
What is the hundreds digit of 1325?
3
What is the ten thousands digit of 11725?
1
What is the hundreds digit of 249?
2
What is the units digit of 684?
4
What is the hundreds digit of 30240?
2
What is the units digit of 868?
8
What is the thousands digit of 1085?
1
What is the tens digit of 2844?
4
What is the tens digit of 2236?
3
What is the hundreds digit of 4590?
5
What is the tens digit of 2532?
3
What is the hundreds digit of 14573?
5
What is the hundreds digit of 8723?
7
What is the units digit of 16211?
1
What is the tens digit of 5719?
1
What is the hundreds digit of 6374?
3
What is the thousands digit of 34724?
4
What is the tens digit of 409?
0
What is the thousands digit of 1086?
1
What is the units digit of 7677?
7
What is the hundreds digit of 2446?
4
What is the thousands digit of 27566?
7
What is the hundreds digit of 1934?
9
What is the tens digit of 702?
0
What is the thousands digit of 1441?
1
What is the hundreds digit of 1164?
1
What is the ten thousands digit of 10372?
1
What is the tens digit of 64?
6
What is the units digit of 35364?
4
What is the tens digit of 125291?
9
What is the hundreds digit of 39528?
5
What is the thousands digit of 2798?
2
What is the ten thousands digit of 12765?
1
What is the units digit of 5712?
2
What is the units digit of 3857?
7
What is the thousands digit of 39675?
9
What is the thousands digit of 38619?
8
What is the units digit of 2761?
1
What is the hundreds digit of 751?
7
What is the hundreds digit of 201?
2
What is the units digit of 361?
1
What is the tens digit of 45111?
1
What is the tens digit of 1420?
2
What is the tens digit of 6004?
0
What is the units digit of 5062?
2
What is the units digit of 4636?
6
What is the units digit of 5339?
9
What is the hundreds digit of 97580?
5
What is the units digit of 579?
9
What is the ten thousands digit of 25857?
2
What is the ten thousands digit of 70968?
7
What is the tens digit of 5541?
4
What is the hundreds digit of 840?
8
What is the hundreds digit of 1002?
0
What is the tens digit of 37?
3
What is the units digit of 1308?
8
What is the units digit of 482?
2
What is the ten thousands digit of 23482?
2
What is the tens digit of 30?
3
What is the units digit of 2821?
1
What is the thousands digit of 2139?
2
What is the units digit of 30081?
1
What is the hundreds digit of 2653?
6
What is the units digit of 455?
5
What is the thousands digit of 20789?
0
What is the ten thousands digit of 26584?
2
What is the tens digit of 6051?
5
What is the thousands digit of 1492?
1
What is the thousands digit of 3064?
3
What is the hundreds digit of 13905?
9
What is the thousands digit of 3608?
3
What is the hundred thousands digit of 111313?
1
What is the units digit of 13649?
9
What is the thousands digit of 2209?
2
What is the tens digit of 59936?
3
What is the hundreds digit of 146599?
5
What is the units digit of 10990?
0
What is the ten thousands digit of 68919?
6
What is the hundreds digit of 2215?
2
What is the hundreds digit of 21814?
8
What is the tens digit of 28128?
2
What is the thousands digit of 12587?
2
What is the hundreds digit of 53606?
6
What is the tens digit of 2208?
0
What is the thousands digit of 1634?
1
What is the tens digit of 1456?
5
What is the thousands digit of 2008?
2
What is the units digit of 23398?
8
What is the hundreds digit of 1045?
0
What is the units digit of 22008?
8
What is the tens digit of 622?
2
What is the thousands digit of 1312?
1
What is the units digit of 362?
2
What is the units digit of 2258?
8
What is the hundreds digit of 3084?
0
What is the hundreds digit of 8899?
8
What is the thousands digit of 3221?
3
What is the hundreds digit of 7569?
5
What is the thousands digit of 3310?
3
What is the tens digit of 8767?
6
What is the ten thousands digit of 32028?
3
What is the thousands digit of 3076?
3
What is the thousands digit of 10657?
0
What is the units digit of 6219?
9
What is the units digit of 2691?
1
What is the units digit of 604?
4
What is the thousands digit of 1330?
1
What is the thousands digit of 1811?
1
What is the units digit of 2997?
7
What is the ten thousands digit of 27813?
2
What is the hundreds digit of 6873?
8
What is the hundreds digit of 567?
5
What is the thousands digit of 1685?
1
What is the ten thousands digit of 16925?
1
What is the tens digit of 65860?
6
What is the units digit of 11338?
8
What is the thousands digit of 3615?
3
What is the hundreds digit of 21360?
3
What is the hundreds digit of 4789?
7
What is the hundreds digit of 1304?
3
What is the hundreds digit of 100?
1
What is the tens digit of 2246?
4
What is the tens digit of 35603?
0
What is the hundreds digit of 213?
2
What is the thousands digit of 1173?
1
What is the units digit of 2400?
0
What is the hundreds digit of 28585?
5
What is the units digit of 530?
0
What is the units digit of 4?
4
What is the units digit of 26100?
0
What is the tens digit of 1681?
8
What is the hundreds digit of 2041?
0
What is the tens digit of 499?
9
What is the ten thousands digit of 153657?
5
What is the units digit of 8362?
2
What is the units digit of 25642?
2
What is the units digit of 279?
9
What is the hundreds digit of 33532?
5
What is the thousands digit of 2913?
2
What is the hundreds digit of 61095?
0
What is the ten thousands digit of 68340?
6
What is the tens digit of 40414?
1
What is the tens digit of 68781?
8
What is the ten thousands digit of 55669?
5
What is the units digit of 20974?
4
What is the hundreds digit of 1116?
1
What is the thousands digit of 101086?
1
What is the tens digit of 455?
5
What is the units digit of 1558?
8
What is the hundreds digit of 1520?
5
What is the units digit of 679?
9
What is the thousands digit of 1482?
1
What is the units digit of 125107?
7
What is the hundreds digit of 937?
9
What is the hundreds digit of 711?
7
What is the thousands digit of 8304?
8
What is the tens digit of 47255?
5
What is the ten thousands digit of 21959?
2
What is the hundreds digit of 1004?
0
What is the units digit of 672?
2
What is the thousands digit of 25783?
5
What is the tens digit of 5163?
6
What is the hundred thousands digit of 136374?
1
What is the thousands digit of 4475?
4
What is the hundreds digit of 146510?
5
What is the units digit of 137419?
9
What is the hundreds digit of 80135?
1
What is the units digit of 513?
3
What is the tens digit of 360?
6
What is the tens digit of 1566?
6
What is the ten thousands digit of 16365?
1
What is the units digit of 89?
9
What is the tens digit of 24?
2
What is the tens digit of 251?
5
What is the thousands digit of 28352?
8
What is the ten thousands digit of 27471?
2
What is the thousands digit of 4248?
4
What is the tens digit of 8831?
3
What is the tens digit of 2402?
0
What is the units digit of 47?
7
What is the tens digit of 752?
5
What is the units digit of 1314?
4
What is the thousands digit of 5013?
5
What is the hundreds digit of 2413?
4
What is the thousands digit of 3193?
3
What is the hundreds digit of 12152?
1
What is the hundreds digit of 4904?
9
What is the hundreds digit of 3182?
1
What is the units digit of 8294?
4
What is the hundreds digit of 54173?
1
What is the hundreds digit of 19523?
5
What is the thousands digit of 1759?
1
What is the ten thousands digit of 21534?
2
What is the tens digit of 13811?
1
What is the thousands digit of 3906?
3
What is the thousands digit of 34001?
4
What is the thousands digit of 1988?
1
What 